?
True
Let k be ((-3 - -5) + -1)*(1 - -2). Suppose 0 = -k*j + 2*l - 50 + 5251, 4*j - 3*l = 6934. Is j a composite number?
True
Let b(y) = -y**3 + 5*y**2 + 7*y - 3. Let j be b(6). Suppose 5*u = 5*o + 780, j*o - 4 = u - 150. Is u prime?
False
Suppose -4*z - 5*a = -0*z - 84, z - 42 = 4*a. Suppose -2*i - s - 3 = z, -4*i - 4*s = 64. Let v = 20 + i. Is v composite?
False
Let z(h) = h**2 - 1. Suppose 0 = -5*n + 2*b - b + 7, n = -b + 5. Let i be z(n). Is (-3 - -11) + i + 0 a composite number?
False
Suppose 4*a - 4*c = 6 + 6, 0 = 5*c - 15. Let b(o) = -a*o + 28 - 11*o - 41. Is b(-12) a composite number?
False
Let k(t) be the second derivative of 7*t**5/20 + 2*t**4/3 - t**3/2 - 11*t**2/2 - t. Is k(5) prime?
True
Is (-12938)/(-10)*35 + (-12)/2 composite?
True
Let r(s) = 10*s**2 + 15*s + 19. Let f be r(-10). Let t = f - -18. Is t prime?
True
Let r(m) = m**2 - 14*m + 33. Let v be r(10). Is 4/(-22) + (-28520)/(-44) + v prime?
True
Let a be 307*-1*(-20 - -19). Let v = a + 31. Let x = -147 + v. Is x a composite number?
False
Suppose -5*g = y + 3, -5*y - 13 - 2 = -3*g. Suppose 66 = 9*r + 2*r. Is 2/y - (-838)/r composite?
False
Suppose z = -4*z + 660. Suppose 2*i + 4*c = -3*i - 160, -4*c - z = 4*i. Let t = i - -171. Is t composite?
True
Let b = 46 - 44. Is b + 51 + 0 + 2 composite?
True
Let o(b) = -2*b + 33. Let h be o(13). Let p(g) = 4*g**2 - 5 + 7*g**2 - 5*g - 2*g**2. Is p(h) composite?
False
Let h(n) = 122*n + 3. Suppose -3*p + 3*x = -5*p + 19, -35 = -5*p - 5*x. Is h(p) composite?
True
Suppose 0 = -3*d + 1399 + 1841. Let x = 2179 - d. Is x prime?
False
Suppose r - 26433 = -4*g, -3*r + 79349 = 5*g - 3*g. Is r prime?
False
Suppose -24*o + 20*o + 9812 = 0. Is o a composite number?
True
Let u(h) = -h + 14. Let x be u(13). Is 333*x + (13 - 15) a composite number?
False
Let g be -2 + (-1 - -4 - -2). Suppose 4*i = b + 9, -4*i + 2*b + g*b + 13 = 0. Is -79*i*8/(-16) a composite number?
False
Let n(y) = 3*y**2 + 11*y + 6. Let t be n(-3). Suppose t = 4*v - 39765 + 10041. Is v prime?
False
Let o = 132 + -293. Let q = o + 320. Is q a composite number?
True
Let p(x) = -x**2 - 6*x - 5. Let l be p(-4). Suppose -l*f = -4*z - 0*f + 2836, 4*z = -4*f + 2864. Is (2 + -1)/(4/z) composite?
True
Suppose l + 2*k = -0*l + 54613, l - 54613 = -k. Is l a prime number?
False
Let p = 473 + -828. Let o = -206 - p. Is o composite?
False
Let l(t) = 3*t**2 - 4*t + 6. Let z be l(2). Suppose -4 = -6*i - z. Let j(q) = 109*q**2 + 2*q + 2. Is j(i) composite?
False
Let t(c) = 13*c - 12*c + 10*c**2 + 31*c**2. Let v be t(-1). Suppose 0 = d - 51 - v. Is d prime?
False
Suppose 5*u - 691 = -4*d + 6316, 0 = -4*u - 5*d + 5611. Is u a prime number?
True
Suppose i - l = 2 - 3, l - 19 = -5*i. Suppose -5*t + 336 = -i*t. Suppose 4*z = -4*a + 1036, -a + 81 + t = -z. Is a a prime number?
False
Suppose 0 = 2*i - 3243 + 979. Let g = i + -501. Is g prime?
True
Let l(x) = 377*x - 2. Let r be l(11). Suppose 0 = 30*m - 25*m - r. Is m composite?
False
Suppose -4*l + 1 = -3*y, 2*y + l - 24 = -2*y. Suppose -y*b + 0*b = -5*i + 415, 5*i - b - 399 = 0. Is i a composite number?
False
Let x = 10173 + 2324. Is x composite?
False
Suppose -2*m - 90 = -2*k, 4*m - 5*m = k + 41. Let b = -17 - m. Let c = -4 + b. Is c a composite number?
True
Let y = 2 - -2. Suppose -y*p + 20 = -9*p. Let f(u) = -2*u**3 - 6*u**2 - u - 1. Is f(p) composite?
True
Let m be 6 + 2 + 0 + -3. Let y(k) = 1 + 0 + m*k**2 - 8 - 8*k. Is y(-6) prime?
False
Let d(u) = u**2 - 2*u - 5. Let m be d(4). Let o be 0*(0 + (-1 - 0)). Is 379 - (1 + o - m) prime?
False
Let b = 3056 + 3465. Is b prime?
True
Let s(z) = 287*z - 22. Suppose 9*c - 21 - 6 = 0. Is s(c) composite?
False
Let o(y) = 7*y**2 - 7*y + 22. Let p be o(-7). Suppose 2*u + 100 = 4*m + p, -5*u + 2*m + 777 = 0. Is u a composite number?
True
Let i(c) = 460*c**2 + 11*c + 17. Is i(-2) prime?
False
Is (-5 + 6)/1*199 composite?
False
Let c be -3*((-8)/6)/4. Let h(l) = 465*l**2 + l + 1. Is h(c) a composite number?
False
Let w(d) = -4*d**2 + 4*d + 2. Let u(v) = -15*v**2 + 15*v + 9. Let i(o) = -6*u(o) + 22*w(o). Let f be i(-4). Suppose 0 = -31*s + f*s + 499. Is s a prime number?
True
Suppose v = -5*h + 10094, 0*h = 3*h - 2*v - 6046. Is h a composite number?
True
Is 2*((-7618)/4)/(-13) a prime number?
True
Let g be 4/(-2) + 1 + 620. Let l = g - 264. Suppose l = 4*p - 5*v - 16, p + 2*v = 83. Is p a composite number?
False
Suppose 4*k - 3104 = -4*i, -i + 2*k = k - 766. Suppose 3*t - i = -0*t. Is t prime?
True
Let g(z) = 14*z**2 - 3*z + 2. Suppose 3*b = -4*m - 0 + 8, b + 8 = 4*m. Suppose -m*k - k = -w + 7, 0 = -3*w - 3*k + 9. Is g(w) a composite number?
True
Suppose 4*s + 3*j - 19 = 0, -s = -4*j + j - 16. Let v(q) = 28*q + 13. Is v(s) a prime number?
False
Suppose m - 34*a + 30*a - 50361 = 0, -3*a + 251920 = 5*m. Is m a prime number?
False
Let b be (0/(-4))/(-2)*1. Suppose b = -4*w + 41 + 19. Is w a composite number?
True
Let g(o) = -o**3 + 4*o**2 + 213. Is g(-13) a prime number?
False
Let u(h) = -39*h - 27*h - 16*h + 1. Let l be u(-1). Suppose -q + l = -26. Is q composite?
False
Let f = -162 - -509. Is f composite?
False
Suppose -4*b = 2 + 6. Is b/4*-1*242 a composite number?
True
Suppose 0*s + 3*k = 5*s - 167864, -5*s + 167849 = 2*k. Is s a prime number?
False
Let d(o) = 120*o - 91. Is d(15) a composite number?
False
Is 232/(-2668) + 318069/23 a composite number?
False
Suppose m = -2*k + 960, -m - 13*k = -9*k - 962. Is m a composite number?
True
Let r(j) be the second derivative of j**5/10 - j**4/2 - 4*j**3/3 + 3*j**2 + 7*j. Let w be r(6). Suppose 0 = -0*x + 2*x - w. Is x composite?
True
Suppose -4*p - 8 = -16. Suppose 4*o - 582 = -p*o. Is o composite?
False
Let h = 854 - -1227. Is h a prime number?
True
Let h be (-1 + 2 - -4) + 0. Suppose -3*a - 2*t = -145, -3*a + 4*t = -h*a + 102. Let f = 136 - a. Is f a composite number?
False
Let o(t) = -t**2 + 9*t + 16. Let r be o(12). Let n be (r - -17)*4/(-6). Is (n/(-4))/(4/(-176)) prime?
False
Let t(h) = 199*h - 6. Let d(y) = -200*y + 5. Let j(q) = 7*d(q) + 6*t(q). Let x be -6 + (-2 - -5) + 2. Is j(x) a composite number?
True
Let i(x) = -42*x**2 - 39*x**2 + 86*x**2 - 3*x + 6. Let m be i(4). Suppose -5*t + m = -3*t. Is t a prime number?
True
Let s(a) = 3*a**2 + 3*a - 13. Is s(21) composite?
False
Let m be (-129)/(-24) - (-18)/(-48). Suppose 5*o = -n + 98, o - 2*o = -m*n - 4. Is o a prime number?
True
Let x = 38 + -59. Let o = 26 + x. Suppose -k + 4*n = -o*k + 1792, 0 = -2*n - 6. Is k a composite number?
True
Let l be -5 - (-3 - (-3 - -2)). Is -2*(-1 + -13) + l a composite number?
True
Suppose -2*k - 5*c = 2573, 3*k - c + 2979 = -889. Let y = 343 + k. Let r = -473 - y. Is r composite?
True
Let p(w) = -2*w**2 + 3*w + 2. Let j(v) = v**2 + 16*v - 19. Let o be j(-17). Let z be p(o). Is (3/z)/((-3)/2868) composite?
False
Let c(w) = -w**2 + 2*w - 5. Let o be c(-4). Let y = 53 + o. Let g = -17 + y. Is g composite?
False
Suppose -35 = -h + 5*s, -3*h = 3*s + 2*s - 45. Suppose -o - 2*o + h = 5*f, 3*o + 4*f = 19. Let v(r) = 26*r + 4. Is v(o) prime?
False
Suppose -3624*n + 5158 = -3622*n. Is n composite?
False
Let p(n) = 102*n**2 + 45*n - 325. Is p(12) composite?
True
Let k be (-5 - (-2 - 1))*-1. Suppose v = -3, k*v = -2*i - 0*i - 2872. Let g = -1020 - i. Is g composite?
True
Let f(u) = -u**3 - 16*u**2 - 7*u + 5. Let t be f(-7). Let g = -94 - t. Is g a prime number?
True
Suppose 12 = -i + 4*i. Is 12 + i/(-2)*1/2 a prime number?
True
Let l = 11 + -4. Let w be 6 - l - (-198)/2. Let t = 177 - w. Is t a composite number?
False
Let z(p) = -p**2 - 4*p + 1. Let j be z(-2). Suppose -4*h + j*r + 1492 - 320 = 0, 3*h - 844 = -5*r. Let o = h - 139. Is o prime?
True
Suppose -7*l - 48 = -23*l. Suppose -l*r + 360 + 597 = 0. Is r prime?
False
Let l(t) = -2*t + 11. Let r(d) = -3*d + 21. Let z(f) = -5*l(f) + 3*r(f). Let x be z(-10). Is 30888/32 - x/(-8) composite?
True
Let x(q) = -148*q + 8. Let g be x(-5). Let n = -407 + g. Is n composite?
True
Let s(n) = -3*n - 34. Let j be s(-12). Suppose -4*c - x = -876 - 1577, -1224 = -2*c + j*x. Is c composite?
False
Suppose -2*r + 3*p = -20, 3*r + 5 = 2*p + 25. Let g = 3827 - -2101. Suppose -5*x - 3*a + 3997 = -3403, -r*x + g = 4*a. Is x composite?
True
Is (3 - -1)/(1/7886*8) prime?
True
Let j(y) = -2*y**3 + 11*y**2 + 9*y - 17. Let p(r) = -9*r**2 - 5*r - 5. Let g be p